ber?
False
Suppose 0 = 4*f - 3*j - 127490, -33*j + 18 = -30*j. Is f composite?
True
Let g = 3 + 3. Let v(q) = 4*q**3 - 12*q**2 + 24*q + 10. Let s(z) = -2*z**3 + 5*z**2 - 12*z - 4. Let w(c) = 5*s(c) + 3*v(c). Is w(g) a prime number?
False
Let i(w) = -2*w**3 - 7*w**2 - 4*w - 2. Let h be i(-3). Suppose 5 = o + 3*x + h, 5*o - 5*x = 60. Suppose -9*b = -o*b + 37. Is b composite?
False
Let i = 28 + -26. Suppose -i*l + 16 = 6. Suppose -l*t = -15422 + 3757. Is t a composite number?
False
Is 1 + 74221 - 9/((-153)/85) a composite number?
True
Suppose -6 = -2*c - 2. Let x be (2 - 2) + 2 + -2 + -9. Is x*c/(-6) + 716 composite?
False
Let a(y) = -194*y**2 + 15*y - 74. Let r be a(8). Is 85/(-17) + r/(-1) composite?
True
Suppose -d = -3*u - 1 + 7, 28 = 2*d + 2*u. Suppose 0*a = -2*a + v + 1715, -d = -3*v. Is a composite?
False
Suppose -2*p + 50*i = 45*i - 562612, p + 3*i - 281273 = 0. Is p composite?
False
Let p(v) = -v**3 + 3*v**2 - 5. Let a be p(-7). Suppose -r = -2*r + a. Suppose 2*n - 2*d + r = 3*n, -4*n = -d - 1949. Is n a prime number?
True
Let m = -153342 - -241321. Is m composite?
True
Let c = -204 + 238. Suppose -30*p + c*p - 65828 = 0. Is p prime?
False
Let x = 2016 - 4068. Let y = x - -4949. Is y composite?
False
Suppose -7*n + 1015539 = -4*n + p, 4*p - 12 = 0. Suppose -40*y + 12568 = -n. Is y a composite number?
True
Let l(g) = -g**3 - 3*g**2 + 4*g + 2. Let t be l(-2). Let c(s) = -377*s + 63. Is c(t) a prime number?
True
Suppose 0 = 5*q + 2*o - 5842173, 0 = -6*q + 10*q - 6*o - 4673784. Is q a composite number?
True
Let k(f) = -f**2 - 3*f + 530. Let c be k(0). Suppose 1901 = 17*r - c. Is r a composite number?
True
Let b(y) = 49*y**2 + 5*y + 13. Suppose -10*l = -27*l + 1326. Suppose -54 = -3*o - l. Is b(o) composite?
False
Suppose 106890 = w + 5*c, -13*c + 213771 = 2*w - 12*c. Is w a prime number?
False
Suppose t = 5*b - 603201 - 662938, 2*t + 1012904 = 4*b. Is b composite?
False
Let d(r) = 72*r**3 - 2*r**2 + 3*r + 7. Let t be d(6). Let w(h) = -h**3 - 11*h**2 + 11*h - 6. Let q be w(-12). Suppose -q*o = o - t. Is o prime?
False
Suppose -2*p + 208 - 84 = -5*s, -3*s = -4*p + 80. Is 1476 + (s/4 - -1) a prime number?
True
Suppose 7*v = 6*v + 5*y + 236, -3*y = -3*v + 672. Suppose 235*x - v*x = 85022. Is x a composite number?
False
Is ((-496066)/3)/((-24)/36) a prime number?
True
Let a = 40340 + -28017. Is a prime?
True
Let v = 37 + -30. Is ((-49)/v - -1049)*(-2 - -3) a composite number?
True
Let j = 22 - 19. Suppose -j*a = -4*v - 0*a + 18, -2*v - 2*a + 16 = 0. Is 8/v + (-2)/(-3) + 221 a composite number?
False
Let t(f) = f. Let d(o) = -11*o + 59. Let s(v) = -3*v + 15. Let n(b) = 2*d(b) - 9*s(b). Let k(c) = -n(c) + 2*t(c). Is k(-10) prime?
True
Let w(o) be the second derivative of -505*o**3/3 - 43*o**2/2 - 75*o. Is w(-6) composite?
True
Suppose -4 = 5*b + 4*g - 2*g, 2*g = b - 4. Suppose 3*v + 2*z - 7534 = 0, -5*v + b*z + 3*z = -12544. Let q = v - 945. Is q a composite number?
True
Suppose 46 = 5*i - 3*p, -5*p + 19 = -4*i + 61. Suppose -3*f - i*j = -5*j - 43260, j - 28839 = -2*f. Is f prime?
True
Let a(u) = 15*u - 101. Let m be a(7). Suppose 3*f = 9, -b - 5152 = -m*f - 18225. Is b a composite number?
True
Let w be (-55)/(-6) + 9/(-54). Let d be (12/w)/((-4)/(-12)). Suppose -y - y + 351 = 5*f, d*f - 261 = 5*y. Is f prime?
False
Let d = -57 - -90. Suppose 0 = -f + 55 - d. Suppose -13*u = -f*u + 12591. Is u composite?
False
Is 224348 - -5*(-143)/(-65) prime?
True
Let v = -26855 - -75346. Is v prime?
True
Let t be (-2)/(30/(-1399617)) + 12/10. Suppose 4*v + t = 61*v. Is v a prime number?
True
Suppose -4*b - 8 = 0, 0*i + 2*i - 1206 = -b. Suppose n = 2*o - 142, o = 3*n - 7*n - i. Let k = 479 - n. Is k a composite number?
True
Suppose 2*t = -s + 218680, 76*t - 80*t = 3*s - 656044. Let c = s - 90373. Is c prime?
True
Let v(r) = 7091*r + 34. Let n be v(1). Suppose -4*y + o = -n - 3550, -o = -1. Is y prime?
False
Let b(f) = -f**2 - 4*f - 2. Let j be b(-2). Suppose -j*y - 866 = -2*l + 2584, -4*l = -y - 1710. Is (y/(-15))/((-6)/(-45)) prime?
False
Suppose 2*b + 21 = 5*q, -3*q = 2*q - b - 23. Suppose -g = 3*p - 635, -4*g + 2514 = -q*p + 4*p. Suppose 3*l = 4*l - g. Is l a prime number?
False
Suppose -3*u = d + 5 + 17, 0 = -4*u + 2*d - 46. Let j be (-7)/u*3511 + 2/9. Suppose -204 = -5*q + j. Is q composite?
False
Let l(b) = 2808*b + 6. Suppose 3*c + 2*c = 10. Let g be l(c). Suppose -p = 5*p - g. Is p composite?
False
Let v = 263 + -259. Suppose 0 = 3*b + 3, -2*m + b = -v*m + 20629. Is m a prime number?
False
Is 5*(23269072/16)/19 prime?
False
Let o = 4 - 2. Let i(c) = 1. Let x(p) = 221*p**2 + p + 5. Let u(w) = -2*i(w) + x(w). Is u(o) a composite number?
True
Suppose c + 2*r = 451315, 15*c + 3*r + 1353954 = 18*c. Is c composite?
True
Let n(c) = 7*c - 2*c + 8 + 11*c + 1. Let s be n(-8). Let b = s + 342. Is b composite?
False
Let x = -92884 - -186917. Is x a composite number?
False
Suppose -9*v = -5*v. Let c(h) = -6*h + 611. Is c(v) composite?
True
Let x(m) = 8*m + 15148*m**3 + 4*m - 14*m + 3*m**2. Is x(1) a composite number?
False
Let s be (112/(-20))/1*(-1549 - 1). Suppose 2237 = -3*g + 2*l + s, 8602 = 4*g + 3*l. Suppose -32*u + 25*u = -g. Is u prime?
True
Suppose -4*z = -3*a - 3*z + 19, -a + 5*z = -25. Suppose 4*d - a = -9. Is (4/12)/d + (-2924)/(-6) a composite number?
False
Let s(n) = -57*n**2 - 31*n + 195. Let y(w) = 14*w**2 + 8*w - 49. Let x(b) = 2*s(b) + 9*y(b). Is x(10) composite?
False
Suppose -2*w - 2*v + 321614 = 0, -7*v = -2*w - 181340 + 503008. Is w a prime number?
True
Let f(h) be the first derivative of -h**5/20 - h**4/2 - h**3/6 + 9*h**2/2 + 3*h - 15. Let c(t) be the first derivative of f(t). Is c(-8) prime?
False
Let k(l) = 96*l - 27. Let t(x) = 95*x - 28. Let q(h) = 3*k(h) - 2*t(h). Let f(y) = 5*y**2 + 169*y - 17. Let j be f(-34). Is q(j) prime?
False
Let q(k) = 12*k**3 - 32*k**2 - 45*k + 746. Is q(33) a composite number?
False
Let k = -303 - -305. Is k/(-3)*(-19740)/40 composite?
True
Let w be ((-4)/(-18)*2514)/(6/9). Suppose 2*r - 20 = 48. Suppose r*b - 32*b = w. Is b composite?
False
Let q(h) = -7 + 7 - 14*h + 11*h**2 + 11 + 12. Is q(12) composite?
False
Suppose 4*n - 3*i + 6681 = 0, -11627 = 5*n - i - 3284. Let c = -259 - n. Is c composite?
False
Is 261721*10/8 + (-345)/1380 prime?
False
Let i = -24 - -25. Is (i - (-1 - 837))*1 + 0 a prime number?
True
Let t be (6 + 25/(-5))/(2/2090). Suppose 5*v = -4*l - 0*l + 19, 2*v = 2*l + 4. Suppose -v*x + 5*a = -394 - 657, -2*a - t = -3*x. Is x a composite number?
False
Let p(t) = 4*t**3 + t. Let o be p(1). Suppose 18 = o*m - 3*m. Suppose -m*q + 13*q = 6932. Is q a composite number?
False
Suppose s = 20 + 6. Let x(y) = 6*y**2 + 32*y - 75. Is x(s) a prime number?
True
Suppose 11 + 5 = -4*a. Suppose 203*p - 78 = 205*p. Is (-2)/(9/p*a/(-366)) composite?
True
Let i(m) = 7*m**2 + 247*m - 37. Let n(r) = 2*r**2 - 42*r - 47. Let l be n(21). Is i(l) a composite number?
True
Let h = 173950 + -122484. Is h prime?
False
Let u = 53 + -53. Suppose 2*n - a - 1 = u, 1 + 0 = -n + 2*a. Is 951 - (-2 + 4)*(-2 + n) a composite number?
False
Let p(h) = 2*h**3 + 281*h**2 - 80*h - 75. Is p(-134) composite?
True
Suppose -3*a - 10190 = -5*a. Suppose h = -5*u + 2*h + 8461, -3*u - 4*h + a = 0. Is u a composite number?
False
Suppose 232*c = 229*c - 21. Is (c - -4 - 2*-2)*1361 a composite number?
False
Let j(q) = q**3 - q**2 - 68*q - 97. Is j(39) a prime number?
True
Let q(n) = 480*n - 6. Let w be q(3). Let b be (w/(-3))/(-2)*1. Let i = b + -150. Is i composite?
False
Let v = 9 - 5. Suppose -v*b = -3*b - 1055. Suppose -16*j + 21*j - b = 0. Is j composite?
False
Let t = -229309 - -443480. Is t composite?
True
Let t = -297962 - -650601. Is t a prime number?
False
Let m = 57 - 54. Suppose -m*d + 6*d = 2*g + 19, 8 = d - g. Suppose i = 6*s - 3*s - 568, -558 = -3*s + d*i. Is s a composite number?
False
Is 28912 + -13 + -6 + 16 a prime number?
True
Let d be (1/(-3))/(6/(-144)). Let q(r) = -5*r. Let m(b) = 344*b + 9. Let h(j) = m(j) + 6*q(j). Is h(d) prime?
True
Let i be (-2)/((-4)/3 + (-33776)/(-25368)). Let f = 4722 + i. Is f composite?
False
Is (186710/(-100))/(8/(-80)) prime?
True
Let y(s) = -9*s**3 + 5*s**2 - 36*s + 27. Let c(q) = -7*q**3 + 5*q**2 - 35*q + 28. Let x(i) = 4*c(i) - 3*y(i). Is x(-18) prime?
True
Suppose 195*z - 52069919 = 36*z -